 - 3. Let b be -3 - (-3 + 0 + n). List the prime factors of (-8)/(-56) - 418/b.
2, 3, 5
Suppose 3 = g, 10*w - 14*w - 4 = -4*g. Suppose i = 5*i - 12. Suppose -w*x = -i*h - 90, 3*x - 3*h - 125 = -h. What are the prime factors of x?
3, 13
Suppose -q - 102 = -3*h, 5*h = -q - 107 + 13. Let v = q - -158. What are the prime factors of v?
59
Let d(m) = -2*m - 10. Let g be d(-4). Let h(b) = -42*b + 5. What are the prime factors of h(g)?
89
Suppose -15 = 5*x - 2*x, 3*z + 69 = 3*x. Let k = -241 - z. What are the prime factors of (-6)/4 - k/6?
2, 17
List the prime factors of -5 + (404 - 1) + 3.
401
Let j(p) = -106*p**3 + p**2 + 2*p + 1. What are the prime factors of j(-1)?
2, 53
List the prime factors of 26/3*732/8.
13, 61
Let w(u) = 84*u**3 + 9*u + u**2 - 86*u**3 - 4*u**2. List the prime factors of w(-4).
2, 11
Let w(y) = 76*y**2 - 35*y + 5. What are the prime factors of w(-4)?
1361
Let m = 135 + -44. Suppose -116 = -2*x + 2. Let r = m - x. List the prime factors of r.
2
Let l be -3*(3 - (-31)/(-3)). What are the prime factors of l - (2 + -10 - -4)?
2, 13
List the prime factors of 8196/5 + 4 + (-7)/35.
31, 53
Let j(y) = y**3 - 3*y**2 - 3*y + 3. Suppose 4*r = -5*c + 3, 3*c - 2*c - 4*r - 15 = 0. Let u be j(c). Let f = 13 + u. What are the prime factors of f?
7
What are the prime factors of (-128117)/(-33) - 10 - 2/(-3)?
3, 1291
Suppose -38*r = -8664 - 62472. List the prime factors of r.
2, 3, 13
Let o be (-3)/3 + 1 + -16. Let q = 18 + o. Suppose q*m - 3*u = 43, -2*m - u - 61 = -5*m. What are the prime factors of m?
2, 5
Suppose -979 = -w - w - 3*m, -3*w + 2*m + 1488 = 0. List the prime factors of w.
2, 13, 19
Suppose -h - 724 = -3*h. List the prime factors of (((-5)/2)/(-5))/(1/h).
181
Suppose 5*m - 183 = 2*u, 5*u = 5*m + 16 - 466. Suppose -2*r + 5*r = -168. Let x = r - u. What are the prime factors of x?
3, 11
Let p = 4929 - 2524. What are the prime factors of p?
5, 13, 37
List the prime factors of 56334/16 + (-14 + 28)/112.
7, 503
Let r(p) be the second derivative of -p**6/720 + p**5/15 - p**4/6 - 4*p. Let s(d) be the third derivative of r(d). List the prime factors of s(6).
2
Let p(g) = 15*g**2 - 18*g - 88. What are the prime factors of p(-7)?
773
What are the prime factors of (((-60)/(-9))/(-2))/(78/(-7137))?
5, 61
Suppose 0*h + 5*h + 40 = 0. Let q(v) = v**3 + 9*v**2 + 6*v - 3. List the prime factors of q(h).
13
Let a(u) = -u**3 + u**2 + u. Let i(d) = -7*d**3 + 2*d**2 + 8*d + 6. Let t(x) = -5*a(x) + i(x). List the prime factors of t(-4).
2, 37
Let x = -14 - -17. Suppose s - 3*t = x*s - 20, 5*s - 39 = -2*t. List the prime factors of (s/(-5))/((-2)/70).
7
Let v = 2 - 8. Let h be -2*4/16*v. Suppose h*x = 31 + 71. List the prime factors of x.
2, 17
Let g be 198/(-24) - 2/(-8). Let j be 86/g - 4/16. Let m(r) = -r**3 - 12*r**2 - 13*r - 11. List the prime factors of m(j).
11
Suppose -5*u - 3*s = 88, -u - s = -3*u - 33. Let y = u + 19. Suppose -3*j = -2*p + 44 - 15, y*p - 36 = -4*j. What are the prime factors of p?
2
Suppose -289 - 533 = -p. What are the prime factors of p?
2, 3, 137
Let m(g) = g**2 - 4*g - 21. Let j be m(8). What are the prime factors of 1 - (-502)/12 - j/(-66)?
43
Let x(g) = -g**3 + 10*g**2 - 7*g - 10. Let o be x(9). Let n = 13 - o. Suppose 3*v = -2*w + 148, 0 = -n*w - v - 164 + 508. List the prime factors of w.
2, 17
Let t = 34 + 63. Let n = -47 + t. What are the prime factors of n?
2, 5
Suppose 0 = -r + 90 + 142. Let j be (-20)/(-30) + (-10)/(-3). Suppose r = j*b + 28. What are the prime factors of b?
3, 17
Suppose -6*g = -7 - 11. Suppose 5*l - g*u = 395, l = -l + 4*u + 158. List the prime factors of l.
79
Suppose 4*q = -s + 3*s + 1306, -4*s = -3*q + 977. What are the prime factors of q?
3, 109
Let p = 2849 + -1941. List the prime factors of p.
2, 227
Let h = 213 - 63. List the prime factors of h.
2, 3, 5
Let c = 1619 + 884. What are the prime factors of c?
2503
Let z(u) = -u**2 - 18*u + 13. Let g be (-2)/3*((-57)/(-6) + 1). What are the prime factors of z(g)?
2, 3, 5
Suppose 14*k - 16*k = -8. Let l = k + -6. List the prime factors of l/(-5) + 13/5.
3
List the prime factors of 8 + -5 - (-11 - 3446).
2, 5, 173
Suppose -r - 527 = -5*i + 998, 5*i - 1505 = 5*r. Let q = i + -211. What are the prime factors of q?
5, 19
Suppose 0*i - w - 5 = -i, -i + 1 = 3*w. Suppose z + 3*z = 2*u + 358, i*u = -5*z + 454. What are the prime factors of z?
2, 3, 5
Let l = 69 - 68. List the prime factors of 8*l*(-3)/((-4)/4).
2, 3
Suppose 2*r - 5906 = -2*v, 9*v = 13*v + r - 11806. What are the prime factors of v?
13, 227
Let y(i) = -69*i - 2. Let f(x) = -x**2 + 3*x - 3. Let a be f(1). What are the prime factors of y(a)?
67
Suppose 0*s - 5*s + 35 = 0. Suppose -j = s*j + 24. What are the prime factors of -2*(-2)/(-4) - j?
2
Let a(k) = -k**3 + k**2 - k + 6. Suppose -3*o - 15 = 2*m, -2*m + o - 2 = 1. What are the prime factors of a(m)?
3, 5
Suppose 4*l = -t + 36, 2*l - 9 - 31 = 5*t. Let o = l - 3. What are the prime factors of o?
7
Let m(l) = -88*l - 228. List the prime factors of m(-44).
2, 911
Let t = -20 + 22. Suppose t*r - 24 = 6. List the prime factors of r.
3, 5
Suppose 0 = q + 2, 5*q + 262 = -6*t + 8*t. What are the prime factors of t?
2, 3, 7
Let i = -2277 + 4259. What are the prime factors of i?
2, 991
Let a be 5376/10 + 39/(-65). Suppose 2*f - 2*o - 362 = -5*o, 3*f + 3*o = a. Suppose 4*v - f = -39. What are the prime factors of v?
2, 17
Let z be (-398)/(-11) - 2/11. Let k = 38 - z. Suppose -5*o - 146 = -3*a - 0*o, 0 = -3*a - k*o + 181. List the prime factors of a.
3, 19
Let m be (2 - 0) + 1 + 0. Suppose 5*q + 204 = m*w + 54, 4*q + 208 = 4*w. List the prime factors of w.
5, 11
Suppose 0 = -2*r - 6*r + 32. Suppose h = -r*h + 455. Suppose -q + 3*t + 35 = 0, 5*q + 2*t = 135 + h. List the prime factors of q.
2, 11
Let r = -3 + -2. Let u = r - -9. Suppose 77 - 7 = 2*l + u*n, -5*n = -5*l + 100. What are the prime factors of l?
5
Let t = 12 - 8. Let s be 5*-7 - (t - 1). What are the prime factors of (-5 - -2) + 5 - s?
2, 5
Suppose b - w - 12 = -4, -2*w = b + 1. Suppose b*t - 935 = -2*q - 3*q, -3*t + 3*q + 579 = 0. What are the prime factors of t?
2, 5, 19
Let l = -3 + 21. Let q be ((-20)/6)/((-12)/l). Suppose -q*w + 363 = 143. What are the prime factors of w?
2, 11
Suppose 131*t = 123*t + 7280. List the prime factors of t.
2, 5, 7, 13
Let b be 0*(2 + -4 - -3). Suppose b = -r - 3*r. Suppose r = -4*p - 3*m + 232, 116 = 2*p + 5*m - 2*m. List the prime factors of p.
2, 29
Suppose -9*w - 3285 = -14*w. What are the prime factors of w?
3, 73
Let z = 49 + -69. List the prime factors of ((-7)/5)/(2/z).
2, 7
Suppose 0 = 3*w - 4*g - 10139, -11*w + 5*g = -7*w - 13518. List the prime factors of w.
11, 307
Let f(k) = k**3 + 4*k**2 + 6*k + 6. Let o be f(-6). Let j = -61 - o. What are the prime factors of j?
41
Suppose -58 = -5*w + 147. Let n = w - -13. What are the prime factors of n?
2, 3
Let p(b) = 328*b - 168. What are the prime factors of p(10)?
2, 389
Let b be (-5)/(50/(-4296))*(1 + 4). What are the prime factors of b/28 - 2/(-7)?
7, 11
Suppose -3*k = -3*h - 330, 6*h + 10 = 4*h. List the prime factors of k.
3, 5, 7
Let i be 5/1*6/15. Suppose 3*u + 4*q - 3 - 3 = 0, i*u = -q + 4. Suppose -s = -5*t - 48, -4*s - u*t = t - 284. List the prime factors of s.
2, 17
Suppose 4*h - 492 - 3493 = i, -5*h = 4*i - 4997. List the prime factors of h.
997
Suppose 3176 = 5*x + 7626. What are the prime factors of (20/25)/(2/x*-2)?
2, 89
Let g(p) = -p + 4. Let v be (3 - -2)*(-3 - -2). Let k be g(v). What are the prime factors of 24/k*21/2?
2, 7
Let d(z) = -z - 1. Let r be d(0). List the prime factors of r + (-3 - -5) - -58.
59
Suppose 0 = 3*h - 0 - 132. Suppose -2*y - n + 79 = 0, -4*n - h = -y - 0*y. List the prime factors of y.
2, 5
Suppose -3*n - 781 = -829. List the prime factors of n.
2
Let j be 6/(-3)*(-1)/(-2). What are the prime factors of -20*((-3)/j + -5)?
2, 5
Let n(v) = v**2 - 7*v + 7. Let r be n(5). Let c(s) = 3*s**2 + 3*s + 3. What are the prime factors of c(r)?
3, 7
Suppose 8*l - 10866 = 6*l. What are the prime factors of l?
3, 1811
Let c = 4 + -1. Suppose c*k + k = -12. What are the prime factors of (-3 - k) + 0 + 8?
2
Let y = 42 + -30. Suppose -4*x + y = -0*x. Suppose 6*n = x*n + 183. What are the prime factors of n?
61
Let p(f) = -f**2 - 7*f. Let v be p(-5). Let g be (75/v)/((